en 2863 is divided by 998?
867
Calculate the remainder when 775829 is divided by 106.
15
What is the remainder when 1364 is divided by 14?
6
What is the remainder when 2703 is divided by 109?
87
Calculate the remainder when 56431 is divided by 8.
7
What is the remainder when 15427 is divided by 249?
238
What is the remainder when 5604 is divided by 295?
294
Calculate the remainder when 4953 is divided by 547.
30
Calculate the remainder when 265417 is divided by 11.
9
What is the remainder when 6249 is divided by 29?
14
Calculate the remainder when 15802 is divided by 35.
17
Calculate the remainder when 100463 is divided by 1377.
1319
Calculate the remainder when 8025 is divided by 179.
149
What is the remainder when 455 is divided by 47?
32
What is the remainder when 6246 is divided by 684?
90
Calculate the remainder when 1723 is divided by 41.
1
What is the remainder when 6513 is divided by 323?
53
Calculate the remainder when 233335 is divided by 3070.
15
Calculate the remainder when 7433 is divided by 7344.
89
Calculate the remainder when 1046 is divided by 128.
22
Calculate the remainder when 4470 is divided by 61.
17
What is the remainder when 48610 is divided by 173?
170
What is the remainder when 38949 is divided by 11?
9
What is the remainder when 3659 is divided by 228?
11
Calculate the remainder when 11459 is divided by 3771.
146
What is the remainder when 18403 is divided by 2299?
11
What is the remainder when 11134 is divided by 192?
190
Calculate the remainder when 1392 is divided by 459.
15
Calculate the remainder when 30564 is divided by 53.
36
Calculate the remainder when 273682 is divided by 52.
6
Calculate the remainder when 3021341 is divided by 263.
260
What is the remainder when 151295 is divided by 1002?
995
What is the remainder when 653 is divided by 49?
16
What is the remainder when 8048 is divided by 125?
48
What is the remainder when 82833 is divided by 702?
699
Calculate the remainder when 513184 is divided by 146.
140
Calculate the remainder when 2883 is divided by 19.
14
Calculate the remainder when 103425 is divided by 20.
5
What is the remainder when 3914 is divided by 652?
2
What is the remainder when 14653 is divided by 14652?
1
What is the remainder when 163800 is divided by 53?
30
Calculate the remainder when 816957 is divided by 13.
11
Calculate the remainder when 5809 is divided by 1936.
1
Calculate the remainder when 606 is divided by 370.
236
Calculate the remainder when 1978 is divided by 334.
308
Calculate the remainder when 16709 is divided by 492.
473
What is the remainder when 17250 is divided by 60?
30
Calculate the remainder when 42783 is divided by 10686.
39
Calculate the remainder when 63676 is divided by 213.
202
What is the remainder when 2836 is divided by 14?
8
Calculate the remainder when 20205 is divided by 9986.
233
What is the remainder when 44094 is divided by 391?
302
Calculate the remainder when 816 is divided by 752.
64
What is the remainder when 64234 is divided by 22?
16
What is the remainder when 47717 is divided by 158?
1
What is the remainder when 3561 is divided by 408?
297
Calculate the remainder when 304555 is divided by 940.
935
What is the remainder when 3816 is divided by 39?
33
Calculate the remainder when 2036 is divided by 621.
173
What is the remainder when 13788 is divided by 17?
1
Calculate the remainder when 242230 is divided by 121111.
8
What is the remainder when 82079 is divided by 96?
95
What is the remainder when 16683 is divided by 575?
8
Calculate the remainder when 1027418 is divided by 388.
382
What is the remainder when 41400 is divided by 19?
18
What is the remainder when 4308 is divided by 113?
14
What is the remainder when 218558 is divided by 263?
5
What is the remainder when 3009 is divided by 1429?
151
Calculate the remainder when 4939 is divided by 702.
25
Calculate the remainder when 6056 is divided by 30.
26
What is the remainder when 3205 is divided by 1590?
25
Calculate the remainder when 2186 is divided by 595.
401
What is the remainder when 3606 is divided by 7?
1
What is the remainder when 4449 is divided by 53?
50
What is the remainder when 9885 is divided by 3291?
12
What is the remainder when 739 is divided by 21?
4
Calculate the remainder when 588994 is divided by 26.
16
Calculate the remainder when 143382 is divided by 143369.
13
Calculate the remainder when 15899 is divided by 269.
28
Calculate the remainder when 2338 is divided by 1089.
160
Calculate the remainder when 65834 is divided by 50.
34
Calculate the remainder when 1034 is divided by 345.
344
Calculate the remainder when 1490557 is divided by 496852.
1
What is the remainder when 823426 is divided by 178?
176
What is the remainder when 12528 is divided by 285?
273
What is the remainder when 1001 is divided by 981?
20
What is the remainder when 838497 is divided by 593?
588
Calculate the remainder when 276134 is divided by 3586.
12
Calculate the remainder when 7360467 is divided by 351.
348
What is the remainder when 410511 is divided by 110?
101
What is the remainder when 1691 is divided by 199?
99
Calculate the remainder when 6032 is divided by 155.
142
What is the remainder when 211932 is divided by 650?
32
What is the remainder when 15553 is divided by 61?
59
What is the remainder when 11785 is divided by 10?
5
What is the remainder when 72601 is divided by 31?
30
Calculate the remainder when 58447 is divided by 1168.
47
What is the remainder when 130995 is divided by 95?
85
Calculate the remainder when 2465 is divided by 555.
245
Calculate the remainder when 367827 is divided by 2021.
5
What is the remainder when 173 is divided by 86?
1
What is the remainder when 4460 is divided by 93?
89
Calculate the remainder when 92713 is divided by 38.
31
Calculate the remainder when 13585 is divided by 764.
597
Calculate the remainder when 2314 is divided by 86.
78
What is the remainder when 11862 is divided by 35?
32
Calculate the remainder when 35970 is divided by 279.
258
Calculate the remainder when 6356 is divided by 72.
20
Calculate the remainder when 69 is divided by 10.
9
What is the remainder when 1264170 is divided by 268?
14
What is the remainder when 10775 is divided by 83?
68
What is the remainder when 782 is divided by 716?
66
Calculate the remainder when 87289 is divided by 1531.
22
Calculate the remainder when 12049 is divided by 58.
43
Calculate the remainder when 47362 is divided by 167.
101
What is the remainder when 515194 is divided by 896?
890
Calculate the remainder when 102331 is divided by 77.
75
Calculate the remainder when 20604 is divided by 32.
28
What is the remainder when 34035 is divided by 17016?
3
Calculate the remainder when 8636 is divided by 187.
34
Calculate the remainder when 91663 is divided by 109.
103
Calculate the remainder when 9956 is divided by 3316.
8
What is the remainder when 267549 is divided by 36?
33
Calculate the remainder when 4372 is divided by 1233.
673
What is the remainder when 8814 is divided by 63?
57
Calculate the remainder when 6264 is divided by 1257.
1236
What is the remainder when 84255 is divided by 523?
52
Calculate the remainder when 21200 is divided by 204.
188
What is the remainder when 20734 is divided by 142?
2
Calculate the remainder when 52370 is divided by 494.
6
Calculate the remainder when 691868 is divided by 8.
4
Calculate the remainder when 2233 is divided by 1078.
77
Calculate the remainder when 5864 is divided by 1954.
2
What is the remainder when 358606 is divided by 174?
166
Calculate the remainder when 156139 is divided by 24.
19
Calculate the remainder when 907 is divided by 438.
31
Calculate the remainder when 21363 is divided by 739.
671
What is the remainder when 34526 is divided by 32?
30
What is the remainder when 98783 is divided by 47?
36
Calculate the remainder when 90956 is divided by 146.
144
What is the remainder when 3247517 is divided by 1401?
1400
What is the remainder when 59604 is divided by 946?
6
Calculate the remainder when 3358617 is divided by 18.
15
Calculate the remainder when 19394 is divided by 9673.
48
Calculate the remainder when 28510 is divided by 791.
34
Calculate the remainder when 17268 is divided by 19.
16
What is the remainder when 4427184 is divided by 190?
184